- 0.
-5
Calculate 2 + 3 + (-8 - 2).
-5
-4 - (-4 + 4) - -6
2
Evaluate (0 + -1 - 5) + 7.
1
What is -1 - (8 + -3) - (-1 + -2)?
-3
Evaluate -7 + 16 + -17 - (-7 - 0).
-1
Evaluate 2 - (-1 + -2 + 7).
-2
-2 - (-8 - -5) - -5
6
What is the value of -7 - ((35 - 43) + (9 - 2))?
-6
Evaluate 8 + 3 + -7 + (0 - -3).
7
Evaluate -5 - -4 - 0 - -7.
6
Evaluate 14 + 9 - 11 - 12.
0
What is 2 + (4 - (-4 - -11 - 5))?
4
Evaluate 93 + -98 + 2 + -6.
-9
What is the value of 18 + -19 - (0 - (-1 + -1))?
-3
What is the value of 2 - (1 - 2 - (-5 - -2))?
0
What is the value of (2 + -1 + -5 - -3) + 0?
-1
What is 12 + (-9 - -3) + (-1 - 3)?
2
Calculate -2 + 4 - 2 - (54 + -56).
2
What is the value of -1 + -1 + -6 + 13?
5
What is 8 + -17 - -9 - -2?
2
Evaluate 11 + (0 - 4) - 7.
0
(1 - 5) + (-4 - -5)
-3
What is the value of 1 + (4 - 6 - -1)?
0
Evaluate -26 + 27 - (-1 + -6).
8
Calculate 5 - (1 - (4 - 5)).
3
What is (8 - (-2 + 6 + -3)) + -2?
5
Evaluate -10 + 1 - -6 - -7.
4
What is 6 + 1 + 20 + -27?
0
What is -1 + (-2 - (3 + -5)) + 0?
-1
3 - 1 - (19 + -18)
1
What is the value of ((6 - 3) + 3 - 4) + -2?
0
-3 + -1 + -4 + -6 + 19
5
Evaluate -16 + 3 + 3 + -1 + 4.
-7
What is the value of -6 + 5 + -3 - (0 + -1)?
-3
Calculate -5 + (-7 + 3 - -2) + 5.
-2
Evaluate 4 + 2 + (-1 - 1).
4
What is the value of 1 - 3 - ((-3 - 0) + 4)?
-3
What is the value of -4 + -3 - (-9 + -1)?
3
Evaluate (3 - 1) + 3 + 6 + -8.
3
-3 - (1 + -5) - 7
-6
What is 1 + -2 - (-5 - (-4 - 0))?
0
What is -4 - (-2 - (-4 + 1 + 0))?
-5
What is the value of 10 + 7 + (-15 - -5)?
7
(60 - 46) + -21 + -1
-8
-12 + 2 + (13 - 3) + -10
-10
Evaluate -2 - 1 - (36 - 45) - 3.
3
What is the value of 3 + (2 - (-1 - -3)) + 1?
4
What is the value of -2 + 10 + -1 - 3 - 6?
-2
Calculate -16 + 9 + 0 - (-2 + 1).
-6
Evaluate 4 + -5 + -4 + 3.
-2
Evaluate 4 - ((-1 - 0) + 0).
5
-1 + (-14 - (-6 - 2)) - -3
-4
Calculate -6 - (0 + -5 - 5).
4
Evaluate 4 - 7 - (-2 - 0 - 4).
3
What is 12 + -16 - (-2 + -2 + 3)?
-3
Evaluate (1 - -3) + 28 + -28.
4
What is (-1 + (3 - -1) - 1) + 1?
3
-1 + 2 + -53 + 52
0
What is the value of (-1 - -6) + -12 + 7?
0
(-3 - -6) + -1 - -1
3
Calculate 5 + ((0 - 0) + 1 - 2).
4
What is the value of 19 + (-5 - 5) - 7?
2
Evaluate 6 + (-28 - -8) + 7.
-7
Evaluate -5 - (3 + 3 + -10).
-1
Calculate -3 - (3 - (2 + -1 + 3)).
-2
What is the value of -18 + 18 + -4 + 1 + -3?
-6
What is the value of -1 + 4 - (6 - -1 - 8)?
4
What is 3 - 11 - -2 - 0?
-6
-4 + (6 - 1) + -2 - 5
-6
What is the value of (6 - 6) + (1 - -4)?
5
Evaluate 12 - ((-7 - -14) + 7).
-2
What is the value of (4 - 3) + (-4 - -4)?
1
What is the value of -1 - (6 - (3 - -2))?
-2
What is the value of -6 - (-6 + (5 - 0)) - -2?
-3
Calculate (-2 + 0 - 4) + 6.
0
0 - (-2 - (0 + 2)) - 9
-5
What is the value of (-7 - (-3 + -1)) + 0 + 4?
1
7 - ((9 - -12) + -12)
-2
What is the value of 12 + (-6 - (-8 - -15))?
-1
What is the value of 3 - (-1 + -3 + 61 + -63)?
9
What is the value of (8 - 0 - 10) + 6 + -1?
3
Calculate -10 - (-8 + (-17 - -13)).
2
-6 - (0 + -8) - 2
0
Evaluate 2 + -8 + -3 + 8 + -1.
-2
2 - 1 - (-2 + 4 + -2)
1
Evaluate 0 - (7 + (4 - 6)).
-5
What is (14 - 7) + -3 + 0?
4
What is (-5 - (0 + 4 + -6)) + 5?
2
Evaluate 11 + -6 - (-2 + 0 + 2).
5
What is 0 + 3 + 5 + -3?
5
Calculate -1 + 2 + (2 - 7).
-4
Evaluate -1 + 1 + (0 - -2 - 7).
-5
What is 3 + 7 - (28 - 21)?
3
Calculate -9 - (6 - 11) - (-3 - -3).
-4
Calculate -18 - -23 - (4 + 2).
-1
Calculate 14 - (22 + (1 - 6)).
-3
What is 3 - (22 + -6 - 6) - -2?
-5
What is (-4 - -1) + (-11 - -13)?
-1
What is the value of 2 + -2 + (-9 - (-6 - -3))?
-6
What is -3 + -1 - (-15 - -16)?
-5
-2 + 5 - (5 + -5 + 5)
-2
What is (7 - (5 + 5)) + 9?
6
What is 2 - ((10 - 3) + 0)?
-5
(3 - 5) + 7 + -6
-1
Calculate -3 + 8 + -12 + 0.
-7
What is -2 + 4 + -4 + -10 + 7?
-5
Calculate 0 + (5 + (2 - 3) - 3).
1
-2 + 7 + (-15 - (-3 + -17))
10
What is -2 - -1 - (-2 - (-2 - -3))?
2
What is -5 + (7 - (0 + 3))?
-1
Evaluate 23 + -17 + 0 + -9.
-3
Calculate (-3 - (-7 + 6) - -9) + -11.
-4
(-2 - (0 + -2)) + (-6 - -5)
-1
-6 + 6 - 5 - (2 - 2)
-5
Evaluate 3 + -3 - 8 - -2.
-6
Calculate -3 - -4 - ((8 - -8) + -9).
-6
-15 + 8 + 0 + 1 + 11
5
Evaluate -3 - (-1 - -1 - -2 - 2).
-3
Evaluate 4 + -2 - (1 + -3 + -1).
5
Calculate 4 - ((-6 - -1) + 8 + 2).
-1
Evaluate (9 - 0) + (-25 - (0 + -25)).
9
Calculate -1 - -2 - (8 + -17 + 7).
3
4 + 25 + -18 - (1 + 1)
9
5 - 1 - 4 - -4
4
Evaluate 3 + 2 + -4 + 1 + -1.
1
What is the value of 0 - -8 - (66 - 64)?
6
11 + -6 + 0 - 1
4
What is the value of -1 + 6 + 55 + -62?
-2
Evaluate (6 - 13 - -8) + -5.
-4
What is the value of 0 + (-6 - -9 - -7) - 5?
5
What is (-7 - -9) + 2 + (-7 - -2)?
-1
Calculate 3 - (-2 - -2) - (-1 - -1).
3
Evaluate 7 + (-2 - (1 - -2)) + 4.
6
Calculate -15 - -2 - -8 - -5.
0
Calculate 2 - 4 - -3 - 9 - -4.
-4
-8 - (0 - 12 - 1)
5
What is (-2 - 0) + -104 + 112?
6
What is the value of (3 - 9) + (29 - 23)?
0
Evaluate -4 + (10 - 5) + -3 + 1.
-1
Calculate 6 - (4 - 2) - 7.
-3
5 + (1 - 8) + -2 + 0
-4
What is -9 - -13 - (7 + 1 + -2)?
-2
What is 8 + 0 + -4 - 8?
-4
Evaluate 4 + -2 + -3 - (-6 - -1).
4
What is 0 + 0 + -5 + 1 - 4?
-8
Evaluate 1 + 2 - -1 - 8.
-4
What is (4 - (3 + 3)) + 0 + 4?
2
What is the value of 16 - 13 - (-3 + 3 + 9)?
-6
Calculate -5 + (-1 - -9) - 8.
-5
What is 6 - (-1 - -6 - 0)?
1
Evaluate 6 + (-4 - -1 - (4 + -5)).
4
14 + (19 - 22) - (-1 - -1)
11
What is the value of 11 + -6 + 0 + -9?
-4
What is 15 + -12 + 2 + -1?
4
Calculate -6 + (3 + -1 - -4).
0
Evaluate (0 - 7) + 11 - (-1 - 0).
5
What is the value of 18 + -11 + 3 + -5?
5
-2 + -2 - (0 - (-2 - -1))
-5
Calculate 10 + -22 + 0 + 1.
-11
What is the value of 8 + -2 + -2 + 0?
4
What is the value of 1 + (-4 - -5 - -3)?
5
Calculate 0 + -2 + 0 + -17 + 21.
2
What is the value of 2 - (-3 + 3) - -2?
4
What is the value of -1 + 13 - (10 - (2 + 2))?
6
What is 4 + (4 + 0 - 11)?
-3
Evaluate (-1 - -2) + 2 + (-8 - -2).
-3
(2 - 0) + 6 - 6
2
Calculate (-5 + -9 - 8) + 13.
-9
Calculate (0 - 2) + 1 + 3.
2
Evaluate 5 + (-15 - -6) - 1.
-5
What is the value of 4 + -1 - (0 + (-4 - -4))?
3
Calculate (10 + -4 + -23 - -5) + 5.
-7
What is 4 + -1 + -4 + 3?
2
What is -4 + (0 - (5 - 3)) + 4?
-2
What is (5 - 6) + (9 - 3)?
5
What is the value of (4 - 18) + 8 + 1?
-5
What is the value of (4 - (11 - (5 + -1))) + 0?
-3
What is the value of 6 - (-4 - -2) - (1 - -5)?
2
What is the value of (-1 - 5) + -5 + 19 + -10?
-2
Evaluate 9 + (-10 - -6) + -2 - 5.
-2
Calculate 4 + (0 - 1) + 23 + -25.
1
7 + -7 + 3 - -1
4
0 + -1 + (-2 - -5)
2
Evaluate 6 + -2 - (41 + -29).
-8
Calculate -1 - (0 + (-2 - 2)).
3
1 - (-12 + -2 + 5 - -4)
6
What is -6 - (0 - (1 - (-5 - -3)))?
-3
Calculate 3 + -9 - ((11 - 5) + -9).
-3
Calculate -5 + (7 - (-5 - -5)).
2
4 + (-7 - (-1 + -3)) - 1
0
What is (-1 - -1) + (6 - 2 - 5)?
-1
Evaluate (4 - 5) + (3 - (-4 + 10)).
-4
What is the value of (-4 - (-3 - -1)) + 4?
2
Evaluate -1 + -1 + 6 - 5 - -1.
0
Calculate (4 - (4 - 0)) + (13 - 17).
-4
Calculate 7 + -3 - -2 - (3 + -1).
4
What is 7 + -7 - (6 - 2)?
-4
Calculate -12 + 10 - (-11 - -4).
5
What is the value of 3 - (-4 + 8 - 2)?
1
Evaluate 8 + -9 + 8 + -1.
6
What is the value of 5 + 0 + -25 + -17 + 40?
3
Calculate -9 + 8 - 4 - (2 - 3).
-4
6 - (3 + -3) - 14
-8
What is 0 + 0 - (0 + 0)?
0
Calculate -3 + (1 - (-5 - (-6 + 5))).
2
What is the value of (2 - 5) + (2 - -3 - 4)?
-2
Calculate -1 - ((-4 - -14) + -5).
-6
What is the value of 3 - (0 + 0 - (-11 + 7))?
-1
What is 15 + (-15 - (-1 - -7))?
-6
What is 9 + (12 - (19 + -3))?
5
What is -8 + (-1 + -2 - -9)?
-2
What is (5 - 7) + -3 - -1 - -2?
-2
What is the value of -4 + -1 + 2 + 2 + 1?
0
Calculate 3 - (1 + (2 - 4 - -1)).
3
What is (-1 - 2) + (284 - 279)?
2
What is the value of 16 + -19 + 2 + -1?
-2
Evaluate -3 - -9 - 3 - (17 - 11).
-3
Evaluate (12 + -8 - -10) + -10.
4
What is the value of 8 + -15 + -5 + 2?
-10
What is 0 + (-1 + -5 - -16) + -5?
5
Evaluate -6 - (-6 + 11 + -11 - -2).
-2
What is -7 + 1 + 23 + 9 + -20?
6
-16 - (10 + (-2 - 17))
-7
What is 1 - ((3 - 2) + -3)?
3
Evaluate 3 - (1 - (-3 - -3)) - 4.
-2
What is (-6 - -2) + 6 - (-2 + 3)?
1
Calculate -2 + 5 + -2 + -1 - 1.
-1
What is the value of -10 - ((-5 - 0) + -1 + 4)?
-8
What is the value of (-4 - (-1 + -4)) + -5?
-4
Evaluate 1 - -4 - (43 - 37).
-1
Evaluate -2 - (9 + -3 - (-13 + 26)).
5
Calculate (2 - 0) + (1 - 5 - 0).
-2
What is -9 + -4 + 5 + 2 + 3?
-3
Calculate 0 + (0 - (-3 + 7 + 0)).
-4
Evalua